te the remainder when d is divided by 17.
15
Suppose -2*v = -2 - 22. Suppose -3*y + 38 = -5*y. Let c = 52 + y. Calculate the remainder when c is divided by v.
9
Let q = -18 - -48. Calculate the remainder when q is divided by 11.
8
Let o = 9 - 11. Let a = -67 + 96. Calculate the remainder when a - 3 - 1*o is divided by 15.
13
Let z = 105 - 64. What is the remainder when z is divided by 15?
11
Suppose 0*h - h = -16. Suppose 4*z = 8*z + 16. Let f(g) = -g**3 - 4*g**2 - g + 2. Calculate the remainder when h is divided by f(z).
4
Let n = 198 + -123. Calculate the remainder when n is divided by 19.
18
Let d be 0/(-3) + 3/1. Suppose -5*t - 7 = -d*x + 4*x, 9 = t - 5*x. Let k = 14 + t. Calculate the remainder when 49 is divided by k.
10
Suppose -21 = -0*j - 3*j. Calculate the remainder when 27 is divided by j.
6
Let o = -61 - -86. Calculate the remainder when 73 is divided by o.
23
Suppose -2*l = 2*a - 20, a - 3 - 6 = -2*l. Calculate the remainder when 42 is divided by a.
9
Let v(u) = -u**2 + 8*u - 7. Calculate the remainder when 29 is divided by v(5).
5
Let b(y) = y**2 + 9*y + 4. What is the remainder when 5 is divided by b(-9)?
1
Suppose -4*p + 0*p = -56. Calculate the remainder when ((-5)/(-20))/(3/300) is divided by p.
11
Let c be 7 + 3/(-3) - 2. Suppose c*p + 275 = -p. Let v = -33 - p. Calculate the remainder when 64 is divided by v.
20
Suppose -4*f = -38 - 34. Suppose t - 19 = 15. Calculate the remainder when t is divided by f.
16
Let d = 65 - 28. Let b = 3 + 1. Let y = 17 - b. Calculate the remainder when d is divided by y.
11
Let f = -9 - -67. What is the remainder when f is divided by 21?
16
Let w(a) = 3*a + 1. Suppose 0*v + 5*v = 15. What is the remainder when 17 is divided by w(v)?
7
Suppose 2*x - 15 = -x. Suppose 60 = -0*l + x*l. Let d(u) = 6*u - 8. Calculate the remainder when d(7) is divided by l.
10
Let p(x) be the second derivative of 0*x**2 + x + 0 + 1/20*x**5 - 1/12*x**4 + 1/6*x**3. What is the remainder when 39 is divided by p(3)?
18
Let r = -165 + 178. Calculate the remainder when 57 is divided by r.
5
Let v = -14 + 21. Let g(y) = -y**2 - 3*y + 5. Let p be g(-4). Suppose -p = -r, -o = -r - 0*r - 12. What is the remainder when o is divided by v?
6
Suppose 0 = -3*x - 5*k + 421, 0*x + 143 = x - k. Calculate the remainder when x is divided by 29.
26
Let g(i) = i**2 + 4*i + 4. Let k be g(4). Let t = -25 + k. Calculate the remainder when t is divided by 4.
3
Let f(b) = -2*b**3 - 4*b**2 - 2*b + 1. Suppose 3*d - 64 = -5*p, -p - 2*d + 24 = -7*d. Calculate the remainder when f(-3) is divided by p.
11
Suppose -39 = -5*p + 61. Suppose 0 = -5*q + 3*n - 5*n + 54, 0 = -3*q + 5*n + p. Calculate the remainder when 38 is divided by q.
8
Suppose -52 = -3*b - b - 2*q, -b + 4*q + 31 = 0. Suppose -6*s + 145 = -s. Calculate the remainder when s is divided by b.
14
Let j = 214 - 149. What is the remainder when j is divided by 34?
31
Suppose -90 = 4*o + 2*u, u - 99 = 5*o - u. Let l = -14 - o. Calculate the remainder when ((-6)/15)/((-2)/100) is divided by l.
6
Suppose 5*i + 96 - 3 = 4*j, -j - 5*i = 8. Calculate the remainder when 33 is divided by j.
16
Let g(b) = 6*b**2 - 2*b - 2. What is the remainder when g(-2) is divided by 14?
12
Let i = 16 + 3. Suppose 4*s - i - 129 = 0. What is the remainder when s is divided by 10?
7
Let h be (5/4)/((-2)/24). Let l = 0 - -8. What is the remainder when l is divided by (9/h)/((-2)/10)?
2
Let w = 8 - 4. Suppose -6*o + 6 = -w*o. What is the remainder when (1/3)/((-2)/(-30)) is divided by o?
2
Suppose 6*g - 34 = 476. What is the remainder when g is divided by 22?
19
Let m(n) be the first derivative of n**2 + 4*n - 1. Suppose -272 = -5*q - 7. Calculate the remainder when q is divided by m(7).
17
Suppose -146 = -4*f - 34. Let j = 98 - f. Suppose -4 = -q, -4*q - j = -0*n - 2*n. Calculate the remainder when n is divided by 15.
13
Let j be (-35)/(-11) + 2/(-11). Suppose 0 = j*x - 11 - 73. Calculate the remainder when x is divided by 15.
13
Let w = 5 - -1. What is the remainder when 14 is divided by w?
2
Let q = -9 + 19. Let o be 1 + -2 - 4/(-2). Let n(l) = 5*l - 1. Calculate the remainder when q is divided by n(o).
2
Let g(l) = -9*l - 11. Calculate the remainder when g(-5) is divided by 19.
15
Let s(f) = -f - 9. Let c be s(-9). Suppose c*d + 3*d - 126 = 0. Calculate the remainder when 12/d + (-682)/(-14) is divided by 17.
15
Let u = -2 - -17. What is the remainder when u is divided by (-1)/(-2)*(-16)/(-1)?
7
Let i(p) = -p**2 - 6*p - 3. Let b be i(-2). Let m = 2 + b. What is the remainder when 10 is divided by m?
3
Suppose 0 = c - 5 + 2, -s - 3*c = -15. Suppose -5*g = -4*y, g + s = 2*y - 0. Calculate the remainder when g is divided by 2.
0
Suppose -3*h + r = -17, -6 = 3*r + 9. Suppose -h*g + 2 = -6. What is the remainder when 52 is divided by 1/(2/40) - g?
16
Suppose -12 = -3*g - 0*g. Suppose -w = -g*c + 4*w + 206, -w - 149 = -3*c. Calculate the remainder when c is divided by -13*(-3)/(-3)*-1.
10
Suppose 0 = 2*x - a - 96, -3*a + 124 + 94 = 5*x. Suppose 2*g + 0*r - 31 = -r, 5*g - 78 = -2*r. What is the remainder when x is divided by g?
14
Let r = -29 - -50. What is the remainder when 81 is divided by r?
18
Let u = -9 + 13. Suppose m + a - 32 = 0, m = u*m + a - 96. Calculate the remainder when m is divided by 17.
15
Let u(y) = -y**3 - 3*y**2 - 2*y + 3. Let r be u(-3). Suppose r = 5*k - 2*k. Suppose -k*f = 2*f - 105. What is the remainder when f is divided by 11?
10
Let q(j) = -4*j - 2 - j**2 - 4*j + 5*j + 5*j. Let s be q(4). Let y = -1 - s. Calculate the remainder when 16 is divided by y.
7
Suppose 2*u - 3*s = 6*u - 227, -5*u = 3*s - 286. Suppose 0 = -4*f - 4*y + 30 + 34, 5*f - y - 74 = 0. What is the remainder when u is divided by f?
14
Let g be 1*-7*6/7. Let f(w) = w**3 + 7*w**2 + 6*w + 2. Let c be f(g). Suppose 4*a - 22 = -c. What is the remainder when 13 is divided by a?
3
Let f = 194 - 183. What is the remainder when 30 is divided by f?
8
Let t = -35 + 208. What is the remainder when t is divided by 44?
41
Let h be 8*(-2)/(-4) + -1. Suppose -h*l - 5*q + 43 = 0, 3*l - 2*q = 8 + 21. What is the remainder when -1*l*12/(-4) is divided by 12?
9
Suppose 3*a = 2*a + 2. Let z be 0 + (-44)/(-7) - 8/28. Suppose -z*r + r + c + 96 = 0, -17 = -r - a*c. Calculate the remainder when 37 is divided by r.
18
Let j = -40 - -153. Calculate the remainder when j is divided by 39.
35
Suppose 4*a - 3*z = 13 - 3, 4*z - 8 = 0. Let h(v) = -2*v + 5. Let f be h(a). What is the remainder when 46 is divided by f/12 - (-49)/4?
10
Let l = 156 + -101. Calculate the remainder when l is divided by 19.
17
Let r(b) = b - b + 11*b**2. Suppose 3*f = 4*f - 20. What is the remainder when f is divided by r(1)?
9
Suppose 0 = -4*u, 3*u - 3 = -5*z + 37. Calculate the remainder when 15 is divided by z.
7
Suppose 5 = -5*l - 5. Let x = -2 - l. Suppose 0 = -n - i + 28, 2 = -n + 5*i - x. What is the remainder when n is divided by 8?
7
Let l(u) = 6*u**2 + 2. Let q = -2 - -5. What is the remainder when l(q) is divided by 19?
18
Let u(y) = y**3 + 8*y**2 - 8*y + 7. Let z be u(-9). Let w(i) = -i**3 + 7*i**2 - 7*i + 4. What is the remainder when (102/(-4) - 2)*z is divided by w(5)?
17
Let u = 7 - -115. Calculate the remainder when u is divided by 25.
22
Let w(j) = -6*j**3 + 4*j**2 + 2*j - 2. Let p be w(-3). Suppose i - p = -4*i. Calculate the remainder when i is divided by (9/(-4) + 1)*(-7 - 1).
8
Let g = -8 + 15. Let v = 10 - 6. Suppose g + 29 = v*c. What is the remainder when c is divided by 5?
4
Let a(i) = -23*i - 3. What is the remainder when a(-2) is divided by 9?
7
Let u = -608 + 926. What is the remainder when u is divided by 29?
28
Calculate the remainder when 3*(-1)/(2/(-34)) is divided by 14.
9
Let m(y) = -y**3 - 8*y**2 + 9*y + 5. Let f be m(-9). Suppose 2*v + 5*d + 2 = 7, -5 = f*d. Let b(q) = -q + 7. Calculate the remainder when b(-6) is divided by v.
3
Let l(a) = a**3 + 3*a**2 - 2*a. Let s be l(-3). Suppose 0 = -2*o + s + 2. Calculate the remainder when 10 is divided by o.
2
Let f(z) = 10*z + 159. What is the remainder when f(-15) is divided by -1 + -1 + (5 - -1)?
1
Suppose -i + 4*m + 40 = 0, 2*i - 48 = -3*m + 43. What is the remainder when 173 is divided by i?
41
Let j = 162 + -32. What is the remainder when j is divided by 33?
31
Let k(m) = 15*m**2 - 14*m + 14. S